alculate f(6).
6
Let j(p) = -p - 7. Let b = 4 - -20. Let z be 58/(-12) + (-4)/b. Calculate j(z).
-2
Let l(n) = -2*n - 4. Let t be 72/(-5) - 2/(-5). Let b(s) = -3*s + 6. Let r be b(5). Let h = t - r. Determine l(h).
6
Let i(f) be the third derivative of f**6/120 + f**5/15 + f**4/12 - f**3/2 - 9*f**2. Calculate i(-3).
0
Suppose -10*d + 6*d - 24 = 0. Let p(x) = -x**3 - 5*x**2 + 7*x - 1. Determine p(d).
-7
Let d(v) = -v**2 - v + 6. Let x be 0/((2 + 0)*1). What is d(x)?
6
Let i(f) be the first derivative of 4*f**2 + 21*f - 4 - 39*f + 17*f. Calculate i(1).
7
Let i(s) = -1 - 7*s - s**2 - 2 + 2 - 1. Determine i(-6).
4
Suppose 2*m = -w - 4, -5*w + 6 - 4 = -m. Let i(k) be the third derivative of 1/120*k**6 + 0*k**4 + 1/60*k**5 + 0*k + k**2 + 0 - 1/2*k**3. Give i(w).
-3
Let u be 9/(-2)*(-12)/9. Let s(c) = -c - 2. Calculate s(u).
-8
Let q be (0 - 12)/((-40)/5 - -6). Let s(p) be the third derivative of 1/20*p**5 - 2*p**2 + 1/120*p**q - 1/3*p**3 + 0 + 0*p + 1/24*p**4. Determine s(-3).
-5
Let b be 5/(-3) + (-2)/(-3). Suppose -4*z + y - 3 = -9, 5*z - 3*y = 4. Let t be 8/(z/b)*1. Let a(q) = -q**2 - 6*q - 2. Give a(t).
6
Suppose -3 - 13 = 4*o. Let f = 13 + -2. Let k(v) = -v - 6. Let j(z) = -3*z - 17. Let y(x) = f*k(x) + o*j(x). Calculate y(-2).
0
Suppose 5*s - 4 = 3*m + 2, 2*s = 6. Let w(z) = -3*z - z**3 + 2 - 3*z**2 + 3*z - m. What is w(-2)?
-5
Let z(g) be the second derivative of g**4/6 + g**3/6 - g**2/2 - 28*g. Calculate z(2).
9
Suppose 0 = 3*q + 2*q + 3*a + 11, 3*a = 5*q - 1. Let n(f) = f**3 + f**2 + 1. Let g(t) = 2*t**3 - 4*t**2 + t - 4. Let z(j) = q*g(j) - 3*n(j). Calculate z(1).
-4
Let z(f) = -f**3 - 5*f**2 - 3*f - 4. Suppose 9*t = 8*t - 4. Determine z(t).
-8
Suppose 2*q = 6*q + 16. Let m(w) = 4*w - 5. Let o(r) = -5*r + 5. Let k(g) = q*m(g) - 3*o(g). What is k(0)?
5
Suppose -j - 3*h + h + 5 = 0, 5*j + h = 16. Let s(u) = u**3 - 4*u**2 + 2*u. Determine s(j).
-3
Let j be -3*4/6 - -1. Let l(x) be the first derivative of -3*x**2/2 - x + 111. Determine l(j).
2
Let o(y) = y**3 - y**2 - y + 4. Let s be 0/((-1 - 0)*2). Let b be s/(-2 - 2/(-2)). Calculate o(b).
4
Suppose 2*l + 5*n = -0 + 9, -3*l = -2*n - 4. Let i(a) = -4*a**3 + 4*a**2 - 2*a - 1. Let r(u) = -3*u**3 + 3*u**2 - u - 2. Let k(j) = l*i(j) - 3*r(j). Give k(0).
4
Let m(p) = -16*p**2 + p. Suppose -20 = -2*j + 3*v - 7, 24 = -4*j - 4*v. Determine m(j).
-17
Let k(i) = -2*i**3 - 4*i**2 - 4*i - 3. Let l(y) = y**3 + 10*y**2 + 5*y + 3. Let g be l(-9). Suppose -g = -4*b - 15. Let h be b/(-2) + (-2)/(-2). Determine k(h).
5
Let u(x) be the third derivative of -x**5/60 + 11*x**4/24 + 4*x**3/3 - 25*x**2. Determine u(12).
-4
Let n(t) be the second derivative of t**4/12 - t**3 - 5*t**2/2 + 4*t. What is n(5)?
-10
Let m(w) = 5*w - 7. Let a(h) = -3*h + 4. Let f(p) = -7*a(p) - 4*m(p). Let r be (-2)/4 + 238/(-68). Give f(r).
-4
Let m(s) = -s - 1. Let v(z) = -3*z**2 - 4*z - 6. Let d(b) = 5*m(b) - v(b). Let j(k) = k**2 + 1. Let t be j(0). Give d(t).
3
Let a(m) = 6*m**2 - 3*m. Suppose -3*y - 3*j = 2*y - 1, -y = 3*j + 7. What is a(y)?
18
Let w(m) = -m**3 - 5*m - 5*m - 7*m**2 + 4*m - 6. Suppose 0 = -2*t - 3*j - j - 12, -5*t - 30 = -j. Give w(t).
-6
Let g(y) = -y + 1. Let i(s) = -2*s + 4. Let l be (1/2)/((-1)/(-2)). Let n be -1*7 + (1 + 5)/6. Let b(u) = l*i(u) + n*g(u). Give b(-2).
-10
Let m(j) = -j. Let n be (-221)/91 + (-4)/7. Determine m(n).
3
Let u(r) = r**2 + 7*r - 5. Let g be u(-7). Let m(q) be the third derivative of q**5/60 + q**4/3 + 7*q**3/6 + 6*q**2. Give m(g).
-8
Let f = -37 + 37. Let p(a) = -a**2 + 10. Calculate p(f).
10
Let f(w) = 9*w - 14*w**3 + 6*w**2 + 5*w - 4*w + 13*w**3 - 6. Give f(7).
15
Let c = -72 - -74. Let p(n) be the third derivative of -1/3*n**3 - 1/24*n**4 + 0*n + 0 + 4*n**c. Calculate p(6).
-8
Let m be (6 - 6 - 2)/((-2)/4). Let q(p) be the first derivative of p**4/4 - 5*p**3/3 + p**2/2 + 3*p + 1. Determine q(m).
-9
Let w(n) be the first derivative of n**4/4 - 2*n**3 + 2*n**2 + n - 10. Determine w(5).
-4
Let b(k) = -k - 1. Suppose -4*u + 15 = u. Let r(v) = -v**u + 0 + 0 + 7*v**2 + 7 + 2 - 2*v. Let m be r(7). What is b(m)?
4
Let n(t) = 3*t**3 - t**2 - 5*t - 6. Let p(r) = 4*r**3 - r**2 - 6*r - 7. Let v(c) = 5*n(c) - 4*p(c). Calculate v(-2).
4
Let w be (-2 - -8) + -2 + -1. Let d(r) = -r - 1. Give d(w).
-4
Let m be ((-2)/3)/(6/63). Let t be (-6)/(-9) + (-28)/6. Let b = t - m. Let j(v) = v**2 - 1. What is j(b)?
8
Let b(k) = -k**2 - k + 1. Let h(n) = 4*n**3 + 7*n**2 + 5*n - 6. Let g(o) = 5*b(o) + h(o). Determine g(1).
5
Let g(z) = -11*z + 5. Let x(r) = 2*r. Let f(b) = g(b) + 5*x(b). Give f(6).
-1
Let f(m) be the first derivative of -m**3/3 - m**2/2 + 9*m - 2. Let o = 11 - 11. Calculate f(o).
9
Suppose -5*b + 4 + 1 = 2*o, 3*b - 3 = -5*o. Let u(h) = -h + 30. What is u(o)?
30
Let o be 1 + (-3)/9 - (-25)/30. Let z(f) be the first derivative of 3*f + 1/4*f**4 - 2/3*f**3 + 3 - o*f**2. Calculate z(3).
3
Let q(f) = -2*f**3 + 8*f**2 + 4*f + 14. Let p(z) = -3*z**3 + 12*z**2 + 6*z + 21. Let v(d) = -5*p(d) + 8*q(d). Determine v(5).
-8
Let x(o) = -o**3 + 5*o**2 + 2. Let z be x(5). Let a(c) = -c**z + 1 + 4*c**2 - 2*c - 2*c**2. What is a(1)?
0
Let b(r) be the second derivative of -r**3/6 + 3*r**2/2 + 9*r. What is b(8)?
-5
Let k(m) = m**3 + 4*m**2 + m + 5. Suppose 2 = 3*i - 1. Let a = i + -2. Let b be ((-2)/(-3))/(a/6). Calculate k(b).
1
Let j be (5/((-20)/(-56)))/(-2). Let p(q) = 27*q**3 - 4*q**2 - 11*q - 9. Let r(m) = -14*m**3 + 2*m**2 + 6*m + 5. Let b(l) = j*r(l) - 4*p(l). Determine b(-1).
11
Let h(x) be the second derivative of -x**4/12 - x**3 - 2*x**2 - 6*x. Let p be (2/(-6))/(2/(-12)). Let v be p/(0 - 2/5). Determine h(v).
1
Let x(g) = g**3 - g**2. Let q(v) = -6*v**3 + 3*v**2 + v + 2. Let t(c) = -q(c) - 5*x(c). Let u be (-3)/(-6*2/(-8)). Calculate t(u).
0
Let c(v) = -3*v**3 - 6*v**2 + 1 + 2*v**3 + 0*v**2 - 4*v + 1. What is c(-5)?
-3
Let p(t) be the first derivative of t**5/60 + t**4/6 - 2*t**3/3 + 1. Let z(h) be the third derivative of p(h). Determine z(-5).
-6
Suppose -9 = v - 3*u, v - 4*u - 5 = -15. Let s(i) = i**2 + 7*i + 6. Let f be s(v). Let o(t) = t**3 - t**2 - t - 8. What is o(f)?
-8
Let l(p) = -10*p - 16*p + 1 + 27*p + p**2. Suppose -4*t + 31 = 2*d + t, 10 = 2*t. Determine l(d).
13
Let x(i) = i**3 + 5*i**2 + i - 1. Let c = -42 - -30. Let w = -17 - c. Calculate x(w).
-6
Let m be (-33)/(-9) - (-4)/(-6). Let j(f) = -3 - 2*f + 3*f**2 - f**2 + 2. Determine j(m).
11
Let h(z) = -4*z**3 - 3*z**2 + z + 2. Let w = -42 - -40. Give h(w).
20
Let c(z) = -z**2 - 8*z - 10. Let h(d) = d**3 + d**2 - d - 7. Let w be h(0). Calculate c(w).
-3
Let g(a) = a**3 - 6*a**2 - 10*a + 10. Suppose h + 9 = 4*s, 0 = h - 3*s + 3 + 2. Calculate g(h).
-11
Let i(c) = -125*c - 55. Let o(x) = -9*x - 4. Let h(u) = -4*i(u) + 55*o(u). Let z be h(-1). Let g(n) = -n**3 - 5*n**2 - 6. Give g(z).
-6
Let y(s) be the second derivative of s**5/60 + 3*s**4/8 + 5*s**3/3 + s**2 + 2*s. Let o(l) be the first derivative of y(l). What is o(-7)?
-4
Let q(i) = i**3 + 5*i**2 - 2*i - 5. Let n(c) = c. Let l(r) = -9. Let w(y) = l(y) + n(y). Let o be w(7). Let t be -6 + (-2)/2 - o. Determine q(t).
5
Let h(i) = -i**3 + 3*i**2 + 2*i - 4. Suppose 2*s + 18 = 5*s. Suppose k = s*k - 15. Calculate h(k).
2
Let o be -2*(-3 - -2)*1. Let m(i) = -2*i + 2. What is m(o)?
-2
Let t(j) be the third derivative of j**6/120 + 3*j**5/20 + j**4/12 + 4*j**3/3 + 2*j**2. Let n be t(-9). Let f = -8 - n. Let g(k) = -k**2 - k. Calculate g(f).
-6
Let g(m) = -m**2 + 2*m - 1. Suppose 0 = a - 4*l - 14, 3*a - l - 11 - 42 = 0. Let f be 12/a - (-2)/6. Calculate g(f).
0
Let a(k) = k**2 - k**3 + 2*k**2 - 7*k + 4*k**2 + 2. Let n = -22 - -28. Calculate a(n).
-4
Suppose -2*t - 10 = 2*j + 3*t, 0 = 5*j + t - 21. Let f(w) = -5*w**2 - 1 + 12*w - j*w + 1 - w**3. Let s = -10 - -4. Calculate f(s).
-6
Let c(f) = f + 6. Let q be c(0). Let l(b) = -b**2 + 7*b. Give l(q).
6
Suppose 6*s - 10 = 4*s. Let q(r) be the second derivative of -r**3/6 + 3*r**2/2 + r. Give q(s).
-2
Let g(n) = -5*n - 1. Let z(i) = -i - 1. Let w(v) = g(v) - 6*z(v). Give w(0).
5
Let h = -30 - -35. Let u(j) = -j**2 + 6*j - 4. What is u(h)?
1
Let p be 15/21 - (-2)/7. Let h(i) = -i - 3*i**2 + 0 + i**2 + 2*i - 1. Determine h(p).
-2
Let q(m) = 6*m - 13. Let j(h) = 0*h + 6*h - h - 12. Let c(l) = 7*j(l) - 6*q(l). Let i = 2 - 6. What is c(i)?
-2
Let i be 1 + 